(-9). Calculate the greatest common factor of 3 and a.
3
Let r = -12 - 6. Let g(z) = 5*z - 14. Let u be g(-5). Let p = r - u. Calculate the greatest common factor of p and 3.
3
Suppose 69 = 3*a - 57. Suppose -y - 4 = -32. What is the highest common factor of a and y?
14
Let l be (-5 + 1)/2*-10. Let u = l - 9. Calculate the greatest common factor of u and 88.
11
Let w(j) = 4*j - 2. Let m be w(3). Suppose 0*l = 2*l - m. Suppose 0*o = l*o - 340. What is the greatest common factor of 17 and o?
17
Let p(x) = 10*x + 5. Let n be p(4). Let b = n + -26. Calculate the highest common factor of b and 38.
19
Suppose -4*l = -l - 1296. What is the highest common divisor of l and 54?
54
Let y(d) = 2*d**2 + d - 2. Let g be y(3). Let p = 37 - g. Suppose i - 3*s + 0*s + 3 = 0, i - 12 = -2*s. Calculate the highest common factor of i and p.
6
Suppose -2*t - 16 = -4*c, -3*c = 3*t + c - 26. Suppose o + t*o + 12 = 0. Let d be 0 - -25 - (2 + o). Calculate the greatest common divisor of 18 and d.
9
Suppose 4*y - 37 = -4*k + k, 5*y = -k + 16. Suppose -7*o + 6*o = -k. Let j = -33 + 88. Calculate the highest common factor of o and j.
11
Let x be 7/(-2)*48/(-84). Suppose 82 = -2*s + 5*s + x*b, -5*b = -2*s + 80. What is the greatest common divisor of s and 6?
6
Suppose 0 = -3*i - y + 12, 0 = 2*y - 3*y - 3. Suppose -3*l - i*o - 3 = 0, 4*l = -2*o + 1 + 9. Let v = l - 1. What is the highest common factor of 1 and v?
1
Let t be (24/(-20))/((-2)/80). What is the highest common factor of 6 and t?
6
Suppose -5*o + 35 = -t, 3*o - 3*t - 6 = 3. Let x = -11 + 27. What is the greatest common divisor of x and o?
8
Let c(n) = -8*n + 3. Let z be c(-3). Suppose 4*h = 2*i - 22 + 2, -3*i = -3*h - z. Let y be -2 + 1 - -7 - 2. What is the highest common divisor of y and i?
4
Let m = 7 - -5. Let f(a) = -18*a - 18. Let s be f(-7). What is the greatest common divisor of m and s?
12
Let t be (-3)/12 - (-2 - (-555)/(-12)). Calculate the greatest common factor of t and 6.
6
Let m(t) = -t + 24. Let c be m(10). Let q(v) = -v. Let x be q(-2). What is the highest common divisor of c and x?
2
Suppose n - 257 = -4*v, -5*v - 3*n = -0*v - 323. What is the greatest common factor of 16 and v?
16
Suppose -7*j + 4 = 2*x - 5*j, -2*x = -5*j + 10. Suppose 5*z - 3 - 7 = x. Calculate the highest common divisor of 5 and z.
1
Let k be ((-96)/(-28))/(1/7). Let o(d) = -2*d. Let j be o(-6). Calculate the greatest common divisor of k and j.
12
Suppose 3*y - 8 = 4. Suppose -i = -h + 123, 117 = -3*h + y*h + 2*i. What is the highest common factor of h and 11?
11
Suppose -l + 3 = -2*l. Let m be 1 - (l - 2 - 0). Suppose -3*w + 3*t + 12 = 0, -t = 4*w - 3*t - 14. Calculate the highest common factor of m and w.
3
Let k be (-8 - 0)/((-1)/2). What is the highest common divisor of k and 144?
16
Suppose -p - 3*p = -8. Suppose -2*n + 4 = -3*s - 15, -5*s = 15. Suppose -p*c + 3*v = -197, n*c = v + 207 + 253. What is the highest common divisor of c and 13?
13
Let d(o) = o**3 - o**2 + 1. Let f be d(0). Calculate the greatest common factor of 9 and f.
1
Let x(z) = -z**3 + 9*z**2 - 10*z + 9. Let d be x(8). Let j = 7 - d. Calculate the greatest common divisor of 21 and j.
7
Suppose 7*f - 231 = 4*f. Let t be 0 + 1/(1/2). Suppose -t*d = l - 15, d - 5*d - 3*l = -31. What is the greatest common divisor of d and f?
7
Let y be ((-572)/24)/(-13) + (-1)/(-6). Calculate the greatest common factor of y and 4.
2
Let w be 3/(-9)*(0 + -6). Suppose 4*n - 3*q = 3*n, q = -3*n. Let m be 9/9 + n + 2. Calculate the highest common divisor of w and m.
1
Suppose 0 = 5*c - 8*c + 12. Suppose -4*k - 11 = -31, 4*u + 4*k - 148 = 0. What is the greatest common factor of u and c?
4
Let d be (-9)/(-1 + -1 + 1). Suppose 3*f + 225 = 8*f. What is the greatest common factor of f and d?
9
Suppose -11 = -4*l + r, -3*l + 8 = -2*r - 4. Suppose -2*w + 86 = -0*f + l*f, -w = -f + 53. What is the greatest common divisor of 12 and f?
12
Suppose -4*x - 113 = 3*v, v = 2*x + 3*v + 54. Let z = -14 - x. Calculate the greatest common divisor of 90 and z.
18
Suppose -3*g + 3 = 0, 2*x + 3*g + 7 = 30. Let s(y) = y**2 - 3*y + 4. Let m be s(3). Let h be m*((-66)/(-4) + 1). Calculate the highest common factor of x and h.
10
Let h(b) = -b**3 + 5*b**2 + 6*b - 1. Let w be h(6). Let c be ((-44)/8)/(w/6). What is the highest common divisor of 11 and c?
11
Suppose 2*h + 0*h = 6. Suppose 91 = 2*n + s + 29, -n - 5*s + 13 = 0. Calculate the highest common factor of n and h.
3
Suppose 6 + 3 = 3*m. Suppose -m*i + 20 = 2*i. Suppose 4*f - 24 = -0*z - 4*z, -i*z + 34 = -f. What is the highest common divisor of z and 72?
8
Suppose -v - 2*v - 3*u = -27, -5*v = -u - 27. Let a be 420/8 + (-6)/(-4). What is the greatest common factor of a and v?
6
Let o be (115/92)/((-2)/(-40)). Let k = o + -10. Suppose 2*g - 3*g = -3. Calculate the highest common divisor of g and k.
3
Let u = 640 - 437. What is the greatest common divisor of u and 29?
29
Let m = -23 + 14. Let a be (9/3)/(m/(-12)). Suppose a*s - s - 81 = 0. What is the highest common divisor of 9 and s?
9
Let n(x) = 2*x - 3. Let v be n(4). Suppose k + 3*l = 5*k - 8, -v*l = 5*k - 45. Suppose 39 = k*y - 6. Calculate the greatest common divisor of y and 9.
9
Let q be 62/16 - (-2)/16. Suppose -11 - 24 = -5*g. Let r = q + g. Calculate the greatest common factor of r and 22.
11
Suppose 5*m - 4*n = 432, 3*m + 81 = 4*m + n. Suppose 0 = 4*b - 0*b - m. Let z(j) = -17*j + 133. Let u be z(7). Calculate the greatest common factor of b and u.
7
Suppose -3*g - 2 = -11. Let i(f) be the first derivative of f**3/3 + f**2/2 - f + 3. Let y be i(g). What is the greatest common factor of 11 and y?
11
Suppose -4*b + 187 = x - 10, 3*b = 4*x + 124. Let o(g) = 10*g. Let q be o(1). Let t = 16 - q. Calculate the greatest common divisor of b and t.
6
Let s(h) = -12*h + 4. Let b be s(-4). What is the highest common divisor of b and 130?
26
Let u(i) = -3*i**3 - 3*i**2 - 2*i + 2. Let p be u(-2). Calculate the highest common factor of p and 27.
9
Suppose 0 = -14*b + 285 - 75. Suppose -351 = -2*z + 3*i - 108, 0 = 5*i + 5. What is the greatest common factor of z and b?
15
Let u(l) = l - 2. Let v be u(5). Suppose -v*m + 14 = -7. Calculate the greatest common divisor of m and 7.
7
Suppose 2*a + 39 = -a. Let w = 20 + a. Calculate the highest common factor of w and 1.
1
Suppose 0 = -w + 5 - 2. Suppose -w*j = j - 40. Let l be (-3)/(6/(-140))*1. Calculate the highest common factor of j and l.
10
Let v = 41 - 17. Calculate the highest common divisor of 16 and v.
8
Let q = -18 - -37. Suppose -72 = -q*m + 15*m. Calculate the greatest common divisor of 90 and m.
18
Let b(x) = -x**3 - 6*x**2 - 5*x - 9. Let v be b(-6). Calculate the highest common factor of v and 21.
21
Let v = -2 - -16. Calculate the highest common factor of 2 and v.
2
Let l = 0 - -6. Let f be 1 - (-2)/l*-3. Let j be -1 + (20 - (f - 2)). Calculate the highest common divisor of j and 21.
21
Let m be (-682)/(-8) - (-2)/(-8). Calculate the greatest common factor of m and 34.
17
Suppose 55*d = 52*d + 6. Calculate the greatest common factor of d and 18.
2
Suppose -4*i + 4 = 0, -3*o + 106 = i + 33. Suppose o - 94 = -5*l. Suppose -y + 37 = r, 25 - 68 = -r - 4*y. Calculate the greatest common factor of l and r.
7
Suppose -168 = -2*v - 2*l + 120, -v + 5*l = -162. Calculate the greatest common divisor of 21 and v.
21
Let w be (-6*2/(-2))/((-42)/(-112)). What is the greatest common divisor of w and 28?
4
Let q(p) = 2 - 3*p**2 - 4*p**2 - p**3 - p + 7. Let c = 11 + -18. Let n be q(c). What is the greatest common divisor of n and 80?
16
Suppose 4*f + 0*f - 64 = 0. Suppose -4*b - 173 = 7. Let n = 93 + b. What is the greatest common factor of n and f?
16
Let z = -52 + 92. Suppose -h - 2 = -0*h. Let r(n) = n**3 + 3*n**2 - 3*n - 2. Let f be r(h). What is the greatest common factor of z and f?
8
Suppose -5*y = -y + 12, 3*n - 5*y - 246 = 0. What is the greatest common factor of n and 11?
11
Suppose -4*y = 4*d - 184, -2*d + 38 = -d - y. Suppose 5*u = 152 - d. Calculate the greatest common divisor of 33 and u.
11
Let y be 299/(-11) - 10/(-55). Let z be y/(-18)*616/6. What is the highest common factor of z and 14?
14
Let n(v) = -v**3 - 16*v**2 - 49*v + 8. Let t be n(-12). Let p(i) = 14*i**3 - 4*i**2 + 3*i - 2. Let q be p(2). Calculate the highest common divisor